highest common factor of y and a?
3
Let d = -2 + 6. Let l = 12568 - 12480. What is the highest common divisor of l and d?
4
Let p(o) = -17*o + 5. Let y be p(-5). Suppose 0 = 3*w + 3*w - y. Suppose -5*u + w = -4*u. What is the highest common factor of u and 45?
15
Let t(b) = 3*b**2 + 38*b - 283. Let w be t(7). What is the highest common factor of w and 2262?
26
Let f be 1120/(-3)*(-225)/30. Calculate the greatest common factor of 2275 and f.
175
Suppose 3*b + 2*x = 46, -5*b + 0*b + 5*x = -110. What is the greatest common divisor of b and 225?
9
Suppose 100 = 167*z - 162*z. Suppose -2*v = -15*v + 1170. What is the greatest common factor of v and z?
10
Let p(d) = 5*d + 129. Let c be p(0). Let r = -112 + c. Calculate the highest common divisor of 119 and r.
17
Suppose -250 + 1020 = 5*p. Let h = -118 + p. Calculate the highest common factor of h and 4.
4
Suppose 20*s = 13*s + 133. Let l = s + 27. Calculate the highest common factor of 115 and l.
23
Let q = 96 + -51. Suppose -110 = q*y - 47*y. Calculate the greatest common factor of 10 and y.
5
Suppose 2*p - 49 = -5*u, 94 = 2*p - 5*u + 15. Suppose 4*q = -3*a + 52 + p, 3*a + 2*q - 84 = 0. Calculate the highest common divisor of 140 and a.
28
Let c = -1236 + 1252. What is the greatest common divisor of c and 232?
8
Suppose 2947 + 1705 = 40*t + 972. What is the highest common factor of 299 and t?
23
Let k = 217 + -184. Suppose 6457 = k*i + 1903. What is the highest common divisor of 46 and i?
46
Let j(l) = -2*l**2 + 5*l - 4. Let m be j(3). Let s be m/(84/(-16))*9/(-2). Let u = s + 136. Calculate the greatest common factor of 52 and u.
26
Suppose 8*n = 17*n + 90. Let k(z) be the second derivative of z**3/6 + 9*z**2 + 3*z. Let u be k(n). What is the greatest common divisor of u and 1?
1
Let b(x) be the second derivative of -1/6*x**3 + x**4 + 0 + 26*x + 0*x**2. Let f be b(-1). Calculate the highest common divisor of 13 and f.
13
Suppose -2*f - 46 = -4*n, n - 4 = -5*f + 13. Calculate the highest common divisor of n and 124.
4
Suppose -4*m + 21 = -0*m - 3*d, d = -2*m + 3. Let g be ((-67)/(-3))/(m/144). What is the greatest common factor of g and 67?
67
Suppose 4*q = 2480 + 276. Let t be q + (75/45)/(1/(-3)). What is the highest common divisor of t and 18?
18
Let p(j) = -481*j**3 + 3*j + 2. Let h(k) = -3*k**3 + 2*k**2 + 4*k - 4. Let a be h(1). Let d be p(a). What is the greatest common divisor of d and 48?
48
Suppose 5*c - 425 = 5*g, 306 = -c - 4*g + 381. Calculate the greatest common factor of c and 23489.
83
Suppose -4*u = 5*f - 38, -2*f - 4*u + 0*u = -20. Let y be (0 + -10)/((-27)/81). Let i be f*35/y*9. Calculate the highest common factor of 21 and i.
21
Suppose f = -16*c + 13*c + 1755, -585 = -c + f. What is the greatest common divisor of 130 and c?
65
Let f(y) = 130*y**3 + 21*y**2 - 73*y + 21. Let u be f(4). What is the highest common factor of 135 and u?
15
Suppose 5*c - 1435 = -p, -5*c - 2*p + 462 = -978. Calculate the greatest common divisor of c and 3036.
22
Suppose 6539 = 23*f + 33403. Let x be (f/20)/(445/75 - 6). Calculate the greatest common factor of 12 and x.
12
Let r be (906/9)/(106/3657). Calculate the highest common divisor of r and 23.
23
Suppose -3*u - 295 + 718 = 0. Suppose 9*s - 5*l - 356 = 5*s, 0 = 5*s + 2*l - 478. What is the highest common divisor of u and s?
47
Suppose 2*t = -a - 2*a + 249, 0 = -4*a + t + 321. Let z = -57 + a. Suppose -2*b + z = n, -10 - 22 = -4*b + 2*n. What is the greatest common divisor of b and 80?
10
Let l(f) be the second derivative of 7*f**3/3 - 23*f**2/2 - 12*f - 3. Let b be l(4). Calculate the highest common factor of 22 and b.
11
Let n = -7221 + 7471. What is the greatest common factor of 6625 and n?
125
Let j be (40/(-12))/((-5)/((-180)/(-8))). Suppose 0 = j*f - 1070 - 1090. What is the greatest common divisor of f and 54?
18
Let t(v) = v**2 + 3*v - 443. Let s be t(45). Calculate the highest common divisor of s and 101.
101
Suppose -d + 2*v - 1 = 0, 3*d + 4*v = -9 - 14. Let n be d + 0 + 0 + 140. Calculate the greatest common factor of 15 and n.
15
Let l(j) = -j**2 + 5*j - 2. Let c be l(5). Let h be 52 + 2*-1 + c. Suppose m - 3*q - 15 = -0, 6*q = 60*m - 63*m. What is the highest common factor of m and h?
6
Let y = 22 + 10. Let s be (-6)/30 - (-2392)/10. Let w = 335 - s. What is the highest common divisor of y and w?
32
Suppose -10 = 5*r + 60. Let g(j) = -3*j + 27. Let y be g(6). Let v be y/(126/(-4)) + (-74)/r. Calculate the highest common divisor of 25 and v.
5
Let i be (-6598)/(-6) - 2/(-6)*1. Let x = i - 650. What is the greatest common factor of x and 50?
50
Let d be (-34 + 36)*(1 + 39 - -1). Let j = d - 53. Suppose -3*q = -m - 213 + j, 188 = 3*q - 2*m. Calculate the greatest common divisor of q and 12.
12
Let z be (-740)/(-15) - 1/3. Suppose 0*f - f - 21 = 3*k, 5*k + 35 = f. Let a(q) = q**2 + 9*q + 28. Let t be a(k). What is the highest common divisor of t and z?
7
Let x(j) = 3*j**2 + 9*j + 5. Let b(t) = -t - 15. Let p be b(-12). Let f be x(p). What is the highest common factor of f and 3?
1
Suppose 4*d = 6*d. Let v be 48/(1 + d/4). Let m be -3 + (13 - (2 - -3 - 7)). Calculate the highest common divisor of m and v.
12
Let d = -2072 + 2232. Calculate the greatest common factor of 592 and d.
16
Let o be (25/(-10))/(15/(-24)*2). Let l be 5/(o/15 + (-95)/900). Suppose 4*h - 138 = 3*x, 3*x + 30 = h - 0*h. What is the highest common factor of l and h?
36
Let g(k) be the first derivative of 7*k**3/3 - 5*k**2/2 - 14*k - 76. Let i be g(-2). Calculate the highest common divisor of i and 600.
24
Let f be 9/26 - (-7)/(-14) - (-472926)/1937. What is the greatest common divisor of 1647 and f?
61
Suppose -3*v = 68*c - 71*c - 177, 0 = -5*v - 3*c + 255. What is the greatest common factor of 1584 and v?
18
Let z = 1209 - 665. Let x = -19319 - -19336. Calculate the highest common factor of x and z.
17
Let t be (-1 - 17)/(9/(-513)). Let p = t + -656. Calculate the highest common factor of p and 10.
10
Suppose 5*t - 3*j - 232 = 22, 4*t + 3*j = 214. Let l = -32 + t. Suppose -3*p = -2*r + l + 34, 4*r - 4*p = 112. What is the greatest common factor of 40 and r?
10
Let o(m) = 3*m**2 + 8*m - 1. Let a be o(-4). Suppose 4*b = a*b + 803. Let h be (-9)/((-225)/10) - b/5. Calculate the greatest common divisor of h and 90.
15
Let s = -14071 + 15271. Calculate the highest common factor of s and 12.
12
Let c(b) = 8*b**2 - 4*b + 2. Let d be c(2). Suppose j = 2*q + 83 + 167, 4 = -2*j. Let v be 1 - -294 - q/(-14). Calculate the greatest common factor of d and v.
26
Let u = -38494 + 60414. What is the greatest common factor of 160 and u?
160
Suppose 20575 = 34*r - 46357 - 22488. What is the greatest common factor of 30 and r?
10
Let s(j) = -j**3 + 86*j**2 - 1306*j - 27. Let i be s(20). Calculate the highest common factor of 1969 and i.
11
Let g(a) = 444*a**2 - a + 2. Let p be g(-1). Let y = 641 - p. Calculate the greatest common divisor of 679 and y.
97
Let j(c) be the first derivative of c**3/3 + 5*c**2/2 - 12*c - 56. Let l be j(-12). Calculate the greatest common divisor of l and 48.
24
Let y(c) = -11*c**3 + 2*c**2 - 25*c - 62. Let a be y(-4). Let p = a - 764. What is the greatest common factor of p and 830?
10
Let l(y) = -y**3 - 15*y**2 - 14*y + 10. Suppose -19*s + 15*s = 88. Let h = -36 - s. Let b be l(h). What is the greatest common factor of 6 and b?
2
Suppose -55*c - 56*c + 90*c + 399 = 0. What is the highest common factor of 437 and c?
19
Suppose -131*a + 1663 + 3763 = 186. What is the greatest common factor of 415 and a?
5
Let o(i) = 24 + 12*i + 25 + 13. Let f be o(-4). Let y(m) = 27*m + 1. Let x be y(1). What is the greatest common divisor of f and x?
14
Let y(x) be the third derivative of -12*x**2 + 0 + 1/24*x**4 + 3*x**3 + 0*x. Let h be y(-6). Calculate the highest common factor of 24 and h.
12
Suppose 23*f - 2383 = -497. Let y be ((-123)/2)/((-2)/4). What is the highest common divisor of f and y?
41
Let z = 594 + -333. Let d(t) = 7*t**2 + 3*t - 5. Suppose -a = x + 3, 0 = 3*a + 2*x + 3 + 1. Let o be d(a). What is the greatest common factor of z and o?
29
Suppose -37 + 250 = r. Suppose 5*j - f - 2*f + r = 0, -3*j + 3*f = 123. Let x = j - -54. What is the greatest common factor of 207 and x?
9
Let c(k) = -k**3 + 6*k**2 + 3*k. Let g be c(-5). Suppose 0 = 10*i - 620 - g. Wha